hest common divisor of j and 84?
12
Let d(b) = 5*b + 1. Let m(c) = 2*c. Let x(v) = -6*d(v) + 17*m(v). Let g = -3 + 9. Let l be x(g). Calculate the greatest common divisor of 6 and l.
6
Let x = -181 - -191. What is the greatest common factor of 290 and x?
10
Let x(z) = z + 9. Let j be x(0). Suppose -y - j = -2*o, -4*y - 24 = -5*o - 3. Calculate the greatest common divisor of y and 11.
1
Suppose -r + 2*r - 413 = -4*k, -5*k + 535 = -5*r. What is the highest common factor of k and 13?
13
Let h = 11 + -1. Suppose -50 = -4*f - h. Suppose 0 = -i + 5*b + 11 + 11, -5*i + 6 = b. What is the greatest common divisor of f and i?
2
Let h = -53 - -71. What is the greatest common divisor of 9 and h?
9
Let r(k) = 14*k**2 + 9*k + 1. Let x be r(-4). Let o be -3*(-1 + (-5 - 1)). Calculate the highest common divisor of x and o.
21
Suppose -b + 14 + 2 = 0. Calculate the greatest common factor of 16 and b.
16
Suppose 0 = -2*v + 4*n + 86, -5*v + 0*n + 2*n + 223 = 0. Calculate the greatest common divisor of v and 60.
15
Let d(f) = -f**3 + 10*f**2 + 10. Let n be d(10). Calculate the greatest common divisor of n and 25.
5
Suppose 1 - 5 = -2*w. Suppose -10 - w = -4*v. Suppose u = -i + 15, -u + v = 4. Calculate the greatest common factor of 48 and i.
16
Let k(l) = 51*l**2 - 2*l + 1. Let q be k(1). Let o be 1 + 12 + (-9)/3. Calculate the highest common divisor of q and o.
10
Suppose -160 = -2*v - 2*v. Calculate the greatest common factor of 5 and v.
5
Suppose 4*b - 6 - 10 = 0. Suppose -15 = 4*a - 4*o - 79, 4*a + b*o - 88 = 0. What is the highest common factor of a and 38?
19
Suppose 176 = -11*g + 12*g. What is the highest common divisor of g and 16?
16
Let m(k) = k**2 - 2*k. Let u be m(-2). Suppose 5*q - 18 = -4*h, 2*h = 3*q + 3*h - u. What is the highest common factor of q and 3?
1
Let j = 25 - 14. What is the greatest common factor of j and 88?
11
Let b(w) be the first derivative of 4*w**3/3 - w**2 + w - 1. Let x be b(1). Calculate the greatest common factor of 3 and x.
3
Suppose -3*i + 0*z - 2*z - 2 = 0, 6 = i - z. What is the greatest common divisor of 26 and i?
2
Let t be 3305/(-20) + (-1)/(-4). Let g = -142 + t. Let n = -202 - g. Calculate the highest common divisor of 15 and n.
15
Suppose 0 = -2*v + 4*v - 38. Let m be (-2)/5 - 3335/(-25). What is the greatest common divisor of v and m?
19
Let d be 51/15 - 6/(-10). What is the greatest common factor of 1 and d?
1
Let f be -1 - -4*(-2)/(-4). What is the greatest common factor of 1 and f?
1
Suppose -25 = z - 6*z. Suppose -4*n + 32 = -5*m, 0 = z*m + 2 + 18. Let f be n/(-2 + (-10)/(-4)). Calculate the greatest common factor of 4 and f.
2
Let y = 10 + 4. Let t(u) = 56*u**3 - 2*u + 2. Let x be t(1). What is the greatest common factor of y and x?
14
Let p be (2/6)/((-2)/(-30)). Let k be -9*(p/3 + -2). Calculate the greatest common divisor of 2 and k.
1
Suppose -5*g + 4*a = -60, 2*g + 4*a - 23 - 29 = 0. What is the highest common factor of 4 and g?
4
Let k = 3 + 0. Suppose 3*h = -6*o + k*o + 36, 0 = -o - 2*h + 17. What is the greatest common factor of 7 and o?
7
Let w(k) = -4*k + 4. Suppose 3*u + 14 = -1. Let d be w(u). Calculate the greatest common factor of 48 and d.
24
Let a(o) = 2*o + 6 - 6*o**2 - 3*o - o + o**3. Let f be a(6). Let w = f + 21. Calculate the greatest common factor of w and 15.
15
Suppose 0*d = d - 2*c - 32, -5*d = 3*c - 108. Suppose -2*g = -5*g + d. Let w be (3/2)/(3/32). What is the greatest common divisor of g and w?
8
Let r be -2 + 3 - 82/1. Let l = -26 - r. Let b(f) = f**3 + 4*f**2 - 3*f - 7. Let d be b(-4). Calculate the greatest common divisor of d and l.
5
Let f = 10 + -2. What is the greatest common factor of f and 1?
1
Let r = -16 + 22. Suppose -3*d + 4*d = r. Suppose 3*a - 6 = 39. Calculate the greatest common factor of a and d.
3
Suppose 3*j - 85 = -10. Let w(m) = m**2 - m - 13. Let k be w(0). Let u = k + j. Calculate the highest common factor of u and 132.
12
Let c(w) = 2*w**2 - 45*w + 33. Let u be c(24). Let p = 18 - 3. What is the greatest common factor of u and p?
15
Let l(a) = 0*a - 3 + 2*a**2 + 0*a + 0. Let j be l(-3). Calculate the highest common factor of 3 and j.
3
Let s(g) = g**2 + g + 40. Let c be s(0). Calculate the highest common factor of c and 120.
40
Suppose -56 - 84 = -7*x. Calculate the highest common divisor of 100 and x.
20
Let u(o) = -o**2 - 8*o + 11. Let d be u(-9). Suppose 0 = d*l - 27 + 3. Suppose 3*y + y - 120 = 0. What is the highest common divisor of y and l?
6
Suppose 3*l = 2*l. Let s(o) = 5*o - 4*o + 0*o + 27. Let v be s(l). Calculate the highest common factor of 18 and v.
9
Suppose -f + 3 = -17. Calculate the greatest common factor of f and 10.
10
Suppose i - 1 = -3. Let l be 24/(5/i + 3). What is the highest common divisor of 12 and l?
12
Suppose -10*j + 120 = -6*j. Calculate the highest common factor of 6 and j.
6
Suppose 3*p = -p + 24. Let l(g) = -3*g**3 + 13*g**2 + 2*g**3 - 1 - 12*g + p. Let u be l(12). What is the highest common divisor of u and 20?
5
Suppose t = -b - 2 - 0, 4*t + 5*b + 13 = 0. Suppose -t*d + 4*q + 200 = 0, -3*q + 156 = 2*d - 0*q. What is the highest common factor of d and 18?
18
Suppose -2*o + 15 = -o - 2*r, 2*o = 3*r + 27. What is the greatest common divisor of o and 99?
9
Suppose -5*i + 30 = 5*j, -2*j = i - 3 - 4. Let m be 8/10 - (-626)/i. Calculate the greatest common divisor of 18 and m.
18
Let k(h) = -h**2 - h + 5. Let b be k(0). Suppose 4*u + 4*c - 36 = 0, -44 = -3*u + 3*c - 11. What is the greatest common factor of b and u?
5
Suppose 2*a + 0 = 4. Let q(i) = 5*i**3 + i**2 + i - 2. Let x be q(a). Suppose -s + x = s. What is the greatest common factor of 110 and s?
22
Let l(v) = v**2 + 2*v - 1. Let u be l(2). What is the greatest common divisor of u and 56?
7
Suppose -5*v = 3*a - 17, v - 2*v = a - 9. Let y = -4 - -7. Suppose 152 = y*p - 100. What is the highest common divisor of a and p?
14
Suppose 5*b - 57 = -4*m + 18, 60 = 4*b + 3*m. Calculate the greatest common divisor of 3 and b.
3
Let z(u) = u + 5. Let q be z(-4). Let r be 6 + 1*-2*q. Suppose -3*p - 2*j + 466 = 3*j, -r*j = 2*p - 312. Calculate the greatest common factor of p and 19.
19
Let b(c) = c**2 - 4*c + 2. Let a be b(4). Let k = a - 0. What is the highest common factor of k and 22?
2
Suppose 2*t - 132 = -0*t. Suppose -10 = -4*b + 34. What is the highest common factor of t and b?
11
Let p(m) = m + 14. Let k be p(-6). Suppose -2 = 3*o - k. Suppose 0 = 2*h + 4*t - 24, -t + 34 = 4*h - 0*t. Calculate the highest common divisor of h and o.
2
Let n(l) = 3*l - 1. Let g be n(2). Suppose 2*t - 176 = -0*t - 5*z, 0 = 3*t + g*z - 269. Let u = 219 - t. What is the highest common factor of 14 and u?
14
Let y = 510 - 358. Let h be 194/(-10) - 4/(-10). Let g = h - -38. What is the greatest common factor of g and y?
19
Let u(p) = -p + 8. Let f be u(8). Suppose f = -4*n + i + 92, -1 = i + 3. Calculate the greatest common divisor of 33 and n.
11
Let m(i) = i + 1. Let f be m(-3). Let l be ((-1)/f)/(2/24). Let h(u) = -u + 7. Let o be h(l). What is the greatest common factor of o and 2?
1
Suppose -5*x + 19 = -4*x. What is the greatest common divisor of 209 and x?
19
Let o(a) = a**3 + 8*a**2 - 12*a + 9. Let c be o(-9). Let g be (-1*2)/((-2)/(-7)). Let x = 2 - g. Calculate the highest common factor of x and c.
9
Suppose -4*a - 8 = -8*a. Let j = a - -5. Suppose -72 = -5*x - 2*c, -x + 4*x - 37 = 5*c. What is the highest common factor of j and x?
7
Let h(b) = b**3 - 5*b**2 - 7*b + 9. Let x be h(6). Let t = -22 - -58. Let d = t + -18. What is the greatest common factor of x and d?
3
Let y be 0 + 3 + 10/2. Let t = y - 2. Suppose 0 = -3*d + 3*m + t, -8 = -m - m. Calculate the highest common factor of 2 and d.
2
Let a be (-88)/(-16) - (-1)/2. Let d = 39 + -27. What is the greatest common divisor of d and a?
6
Suppose a - 15 = -0*a. What is the greatest common divisor of 135 and a?
15
Let j be 6/(-10) + (-7)/5. Let k = j + 7. Let c be (k/4)/(3/12). What is the greatest common factor of 40 and c?
5
Let q(p) = p**3 + 10*p**2 - 8*p - 10. Let u be q(-8). Let i = u - 122. What is the greatest common factor of 40 and i?
20
Suppose 74 = -3*d + 2*x, 0 = d + 5*x - 2 + 4. Let s = d + 32. Calculate the greatest common divisor of s and 5.
5
Suppose 2*n - 208 = -0*n. Suppose 5*f - 36 = n. What is the greatest common 